2 + 16*t - 17. Is u(8) a prime number?
False
Let w = 8 + -5. Suppose -4*t - 3*u = -1190, w*u = 2*t + u - 602. Suppose t = p + 62. Is p a prime number?
False
Let x = 1 - -3. Suppose x*m - 703 = 141. Is m prime?
True
Suppose 3944 = 4*b + 1292. Suppose 4*q - 2743 = -b. Suppose 689 = 3*d - q. Is d prime?
False
Suppose -128 - 319 = -3*z. Let x(n) = n**2 - 23*n - 48. Let j be x(25). Suppose -j*g + z = -g. Is g a prime number?
True
Let d(g) = g**2 - 12*g - 11. Let z be d(13). Let l(y) = y + y**3 + 42 + 71 - 2*y**3 + y**2 + z*y**3. Is l(0) a composite number?
False
Suppose 19*p = 7*p + 35724. Is p prime?
False
Let c(n) = -33*n**3 - 2*n**2 - 9*n - 47. Is c(-3) a prime number?
True
Suppose t = -18*q + 17*q + 53565, 5*q - 214262 = -4*t. Is t a prime number?
False
Let f(a) = -35*a**3 + 2*a**2 - 2. Let o be f(-1). Suppose 0 = o*h - 34*h - 1369. Is h a prime number?
False
Suppose 4*r + 1200 = -r. Let m = r - -395. Is m prime?
False
Let j be (1 - -2) + (5 - 3). Suppose 2 = 2*h + l, 4*l = -2*h - 3*h + j. Is (289 + 1 - -3)*h a prime number?
True
Let r(l) = 1999*l - 17. Suppose 9*h = 6 + 12. Is r(h) a composite number?
True
Suppose -8*b = -13*b + 945. Suppose -5*x - b = -4*s - 832, s - 252 = -2*x. Is x a prime number?
True
Let l(x) = x**2. Suppose -8 = -y + 5*y. Let n be l(y). Suppose 4*u = -2*q + 434, -2*u - 280 = -n*q + 618. Is q prime?
True
Suppose 0 = 14*u - 20102 - 8640. Is u prime?
True
Let d(f) = 3*f**2 - 2*f - 1. Let m be d(-1). Suppose 76 = m*r - 376. Is r prime?
True
Suppose -4*v = 5*v - 36. Suppose -z - 3*z - 5*g + 2144 = 0, -2172 = -v*z + 2*g. Is z a prime number?
True
Suppose 0 = m - 3*v, 3*m = -5*v + v. Suppose m*c + 514 = 2*x + 2*c, -2*x + 514 = -c. Is x composite?
False
Suppose -3*a = -4*t + 3162, -3*t - 334 + 2695 = 3*a. Suppose -t = -3*i + 2013. Is i/14 - 2/(-7) a composite number?
False
Let b be (-135)/18*1380/(-3). Suppose 0 = 4*a + 3*k + k - 4560, 3*a - 3*k - b = 0. Is a a prime number?
False
Suppose 0 = j - 5*p - 4, 2*j - j - 4*p - 3 = 0. Is -3 - -176 - 4*j prime?
False
Suppose 0 = 47*s - 30*s - 612. Suppose 0 = -m + 3*m + 4, 10 = -2*k - m. Is 24884/s + k/18 prime?
True
Is 4 + (-9 - 966)/(-3) a composite number?
True
Let x = 5574 + -2455. Is x prime?
True
Suppose -2*k = 2*h + 2*h - 5440, -4*h + 5*k = -5454. Is h composite?
False
Suppose -8326 = -3*y + a, y - 4*y = 5*a - 8356. Is y composite?
False
Let q(p) be the third derivative of p**6/120 + p**5/12 - p**4/4 - 3*p**3/2 + 39*p**2 + p. Suppose 4*j + 0*j = -16. Is q(j) composite?
False
Let v(j) = -j**2 + 6*j - 8. Let b be v(4). Let y be 3 - (1 - (-1 - b)). Is 0/5 - (-33)/y a composite number?
True
Let j = 169 - -122. Is j composite?
True
Suppose 3*g - 2*g - 4 = 0. Suppose 2*m - 916 = g*w - 28, -2*w + 1340 = 3*m. Suppose 5*y = 359 + m. Is y composite?
True
Let u = 75 - 75. Suppose p - c - 188 = -3*c, -5*p - 2*c + 900 = u. Is p composite?
True
Let w = -2362 + 3891. Is w a composite number?
True
Suppose 2*u - 145 = 3*g, -3*g - 76 + 411 = 4*u. Let f = u + 169. Is f a prime number?
False
Is (10282 - -1) + (4 - (-16)/8) prime?
True
Suppose 1102 = l + 2*u - 310, 4*l + 2*u - 5642 = 0. Let q(z) = -z**2 - 2*z + 1. Let r be q(-3). Is (7/r)/((-15)/l) composite?
True
Is (1 + -2)*(-27)/45*67765 prime?
False
Suppose 809 = 2*p + 5*s - 798, -3*s - 3940 = -5*p. Let l = -414 + p. Is l a prime number?
False
Let g(i) = 4*i**2 - 3*i - 7. Let y be g(-12). Suppose -b + y = 226. Is b a composite number?
False
Let p(f) = -64*f + 64. Let j be p(-32). Suppose -z + 2112 = 3*b, -3*b = 4*z - j - 9. Is b a prime number?
False
Let s(u) = u**2 + 11*u - 10. Let b = 19 - 31. Let z be s(b). Suppose -t = -3, -w + z*t - 4*t = -1385. Is w a composite number?
True
Suppose -13*u = 11*u - 456360. Is u composite?
True
Let z = 23357 - 10918. Is z a composite number?
True
Let c(k) be the third derivative of 0*k - 71/24*k**4 + 0 - 8*k**2 + 1/2*k**3. Is c(-10) prime?
False
Suppose -33*j + 98995 = -32*j + i, -4*j + 395988 = 2*i. Is j composite?
False
Suppose -6*l + 2*l = 0. Suppose l = 9*m - 11*m. Suppose -3*h = -0*h + 5*z - 1633, m = 2*z - 4. Is h prime?
True
Is (-2449 + 6 + -4)*-1 a composite number?
False
Suppose -480 + 72 = 2*t. Let f be (819/27)/((-3)/9). Let o = f - t. Is o a prime number?
True
Let b = -2166 + 5331. Suppose -3*f = -4*s - 2*f + 2532, -b = -5*s - 3*f. Is s composite?
True
Let u(i) = -i**3 + 18*i**2 - 27*i + 5. Is u(-11) composite?
True
Let p = 13 + -1. Let j = p - 8. Suppose -j*g = -5*n + 957 + 714, -2*n + 666 = -g. Is n composite?
False
Suppose -8285*t + 8294*t = 186471. Is t a composite number?
False
Let d(n) = -2389*n - 75. Is d(-2) a composite number?
False
Suppose -7128 - 501 = -3*f. Is f a composite number?
False
Let h be (-6)/(25/44 - 2/(-11)). Is (4/h)/((-4)/28376) prime?
True
Let g = 1145 - -758. Is g a composite number?
True
Suppose -7 + 1 = -2*n. Let h be 37 + 0 - (0 - n). Is (-43 + -1)*(-470)/h prime?
False
Suppose 2*n - 4*c = 228642, -713813 + 142172 = -5*n + c. Is n composite?
False
Let n = -2060 + 3651. Is n a composite number?
True
Suppose -1 = n - 5. Let x = -1 - -1. Suppose x = 2*l - 4*c - 91 - 347, -1081 = -5*l - n*c. Is l composite?
True
Let h(f) = -138*f + 63*f + 30*f - 174*f. Let v be h(-9). Suppose v + 257 = 4*y. Is y a prime number?
True
Let b(t) = t**2 - 15*t + 17. Let g be b(14). Suppose g*i - m = -4*m + 4959, -4963 = -3*i - 2*m. Is i a composite number?
False
Suppose -9*o + 2*o = -10010. Let t = -915 + o. Is t a prime number?
False
Suppose 17*i - 12*i = 3390. Suppose -v + i = 2*v. Is v prime?
False
Suppose 17 = 2*a + 3. Suppose -a + 10 = i. Suppose -2*g + i*g - 161 = 0. Is g composite?
True
Let z(x) = 30*x**2 - 3*x + 3. Let y be z(-8). Suppose -3*v + 2*d + 1371 = 206, -y = -5*v + 2*d. Is v a prime number?
False
Let r = 7041 + -2290. Is r prime?
True
Suppose 7*f - 182 = 917. Is f a composite number?
False
Let z(u) = -u**3 - u**2 - 140. Let m be z(0). Suppose -21*k + 15*k = -1794. Let j = k + m. Is j prime?
False
Let j(u) be the first derivative of 16*u**3/3 - 5*u**2/2 + 4*u + 19. Is j(-3) a composite number?
False
Suppose -8607 = -t + 4*w, -4*t - 8643 = -5*t - 5*w. Is t prime?
True
Suppose 2*v - 177 = -2*s + 387, 0 = -4*v + 2*s + 1104. Suppose 2*r = -2*u + 1080, 4*u - 1887 - v = r. Is u composite?
False
Let f(t) = -20*t + 37. Is f(-35) prime?
False
Let i = -111 - -67. Let z be 4/(-22) - 19632/i. Is (2 - (z - 1))/(-1) prime?
True
Suppose f = -4*p + 115, f - p - 139 = 3*p. Suppose -2 = -2*y - 10, f = t + 3*y. Is t a prime number?
True
Suppose -2*u + 104801 = 5*j + u, 0 = 4*j - 2*u - 83832. Is j a composite number?
False
Suppose 3280 = 6*a + 2*a. Let r = a + -29. Is r a prime number?
False
Suppose -m = 4*m - 378860. Is m/52 - ((-48)/26 + 2) a prime number?
False
Suppose 167 = -z + u, 2*z + 493 = -z - 5*u. Let s = z + 23. Let g = 442 + s. Is g a composite number?
True
Suppose 5*n + 6*o - 87243 = 5*o, 4*o = n - 17457. Is n prime?
True
Suppose x - 3*y + 7 + 3 = 0, 0 = -4*x + 4*y. Suppose f + 5*n = 3*n + 93, -3*f = x*n - 274. Let u = 224 + f. Is u prime?
True
Is ((-10)/65 + (-127313)/(-26))*2 a prime number?
False
Let v(c) be the second derivative of -5*c**4/6 - 2*c**3/3 - c**2/2 + 5*c. Let b be v(2). Let w = 45 - b. Is w prime?
False
Let v = -29 + 33. Suppose 6*o = v*o + 1338. Is o a prime number?
False
Let j be (6 + -4)/((-2)/(-283)). Suppose -3*a + j = -2*m - 2*a, 2*a - 6 = 0. Let f = m - -349. Is f prime?
False
Suppose -6550 = -2*a + 4*v, v + 4358 = 2*a - 2186. Is a a prime number?
True
Let t = 4 + 12. Let r be (-3)/24 - (-34)/t. Is ((-4311)/18)/(r/(-4)) prime?
True
Is (-4)/(-20) - 315036/(-45) a composite number?
False
Let a(g) = -6*g**3 - 3*g**2 + 5*g + 3. Let k(p) = -p**3 + 4*p + 4. Let w be k(-3). Suppose -4*d + 3*s - w = 0, 17 = d - 6*d - 3*s. Is a(d) composite?
True
Let f(d) = 1110*d**2 - 10*d - 27. Is f(4) a prime number?
False
Suppose -8*y + d = -5*y - 13116, 13110 = 3*y - 3*d. Is y a composite number?
False
Let i = 18543 - 10384. Is i prime?
False
Let s = 95 + -375. Let l = s + 1023. Is l composite?
False
Is 7/(-5*(-2)/60890) prime?
False
Is 2/(-2)*(18 + -4679) composite?
True
Let s = 3 + -1. Let z = 23 - -141. Suppose 0*i + 4*i - s*u = z, 5*i + 2*u - 223 = 0. Is i a composite number?
False
Let z(i) = -47*i + 22. Let m = 48 + -57. Is z(m) composite?
True
Let g = 317 - -1970. Is g a